 - 8 = -m*z. Is z even?
True
Suppose 0 = 6*h - 217 - 575. Is h a multiple of 11?
True
Let q = -4 + 7. Suppose -4*b = 3*l - 6, l = -2*l - q*b + 6. Is l a multiple of 2?
True
Let n(d) = 2*d**2 + 3*d + 3. Let r be n(-4). Suppose 5*k - r - 17 = 0. Does 5 divide k?
False
Let v(s) = 2*s**2 + 10*s. Does 12 divide v(-8)?
True
Suppose 5*r - v = 220, 0 = -3*r - v - 0*v + 140. Is r a multiple of 15?
True
Suppose 3*r = 5*b + 119, 2*r + b - 90 + 28 = 0. Is r a multiple of 14?
False
Let l(q) = -41*q - 4. Let x be l(4). Let f = x - -252. Suppose f = 3*p - 36. Is 15 a factor of p?
False
Let o(z) = z**2 + 8*z. Let h be o(-6). Is (-88)/(-6) - 4/h a multiple of 7?
False
Suppose -3*a = 3*a - 192. Does 8 divide a?
True
Let t(f) = 46*f**2 - f - 1. Is t(-1) a multiple of 10?
False
Let t(c) = c**2 + 1. Let h(n) = -7*n**2 - 8*n - 8. Let m(j) = -h(j) - 6*t(j). Let q be m(-7). Is (3 - (-19)/(-5))*q a multiple of 4?
True
Suppose 2*n + 513 = 5*i + n, -3*i - 5*n = -291. Does 16 divide i?
False
Suppose -3*u + 3 + 9 = 0. Suppose 5*t - 4*t = 0. Suppose -i = -t - u. Does 4 divide i?
True
Let g(b) = 2*b - 16. Let f(i) = i - 1. Let y(d) = 3*f(d) - g(d). Is 2 a factor of y(-6)?
False
Is 25 a factor of (1 - 6)*(-2 - 12)?
False
Is 8 a factor of -2*((-270)/4)/5?
False
Suppose -9*r = -6*r - 138. Is r a multiple of 8?
False
Let n = 84 + -45. Is n a multiple of 10?
False
Let w = -127 + 257. Is w a multiple of 10?
True
Let n = 73 + -14. Is n a multiple of 12?
False
Suppose -z + 6*z = 0. Let h = 2 - z. Is 17 a factor of 32 + h*(0 + 1)?
True
Suppose 0*o + 42 = 3*o. Is o a multiple of 5?
False
Suppose 0 = 3*r - 0 - 3. Suppose -4*o - o + u = -13, 4 = 5*o + 2*u. Suppose r = -o*g + 7. Is 2 a factor of g?
False
Let s(n) = -n**3 + 10*n**2 + 11. Suppose h = -2*h + 4*w + 10, 0 = -3*h + w + 25. Is s(h) a multiple of 8?
False
Suppose 0*u + 3*u = 2*t + 8, -2*t = 3*u + 8. Suppose -7*g + 4*g + 69 = u. Is 8 a factor of g?
False
Let p(o) = -o**2 - 17*o - 6. Is 9 a factor of p(-14)?
True
Suppose -2*o - 2*z + 6*z - 34 = 0, 0 = o + z + 8. Let c = -5 - o. Suppose c*b - 2*b - 36 = 0. Does 9 divide b?
True
Let u = -64 + 129. Is u a multiple of 3?
False
Let p(m) = -m**2 + 4*m - 7. Let t be p(4). Let f = t - -19. Is f a multiple of 4?
True
Suppose 0*h + 2*h - 6 = -2*s, -17 = -3*s + h. Let c be (-244)/(-6) + (-3)/(-9). Suppose -s*n + 9 = -c. Does 6 divide n?
False
Let u be 3/(-2) - (-7)/2. Suppose 4*r - 2*r = u. Is -7 + 5 - (-14 + r) a multiple of 5?
False
Let l be 2/(-2) + 220/2. Suppose 5*c + 5*i + 175 = 0, -c - 2*c = -i + l. Is (-532)/c - 4/(-18) a multiple of 12?
False
Suppose -3*u = -4*u + 39. Let y = -13 + u. Is 13 a factor of y?
True
Let d(f) = -17*f + 11. Is 24 a factor of d(-6)?
False
Let c be 46 + 0/(1 + 0). Let x = c - 19. Does 7 divide x?
False
Let y be 2/2 + 1 - -1. Suppose 69 = 3*c + 2*b - y*b, 4*c + 5*b = 111. Suppose 0 = 4*d - s - c, -5*d - 7*s = -5*s - 17. Is d a multiple of 5?
True
Let w be (81/3)/(12/64). Suppose w = 2*l + l. Does 15 divide l?
False
Suppose 4*c = -4*l + 8*c + 252, 4*l - 288 = -5*c. Let s = l - 47. Does 10 divide s?
True
Suppose 3*r = -l - 4*l + 10, 3*r - l = -2. Suppose -2 = -4*s + 14, -d + s + 1 = r. Suppose 3*o = d*u + 83 + 3, -20 = 5*u. Is o a multiple of 14?
False
Let h(y) = y**3 + 9*y**2 + 6*y + 2. Let c be h(-8). Suppose -4*b + c = -2*b. Is b a multiple of 9?
True
Suppose 5*s - 3*s - 48 = 0. Is 24 a factor of s?
True
Let u = -42 - -18. Let a = -42 - u. Let d = 32 + a. Does 10 divide d?
False
Suppose 6*a - 2*a - 572 = 0. Suppose -3*u - 2 = -a. Is 18 a factor of u?
False
Suppose 148 = c - 0*c + 4*a, 0 = -4*a + 16. Is c a multiple of 12?
True
Suppose -3*m - 2*d + 0 + 262 = 0, -2*m + d = -184. Is m a multiple of 30?
True
Let v(x) be the second derivative of -x**3/3 + 3*x**2 + x. Let o be v(4). Is 3 a factor of 8 - o - (4 + -2)?
False
Let v(c) = -c**2 + 2*c - 1. Let s be v(2). Let o be ((-4)/3)/(s/(-9)). Let x = -5 - o. Is 7 a factor of x?
True
Suppose -2*d - 2 = -4*d. Let c be ((-3)/5)/(d/(-55)). Let n = -6 + c. Does 11 divide n?
False
Let f = -3 + 9. Is f a multiple of 2?
True
Let j = 6 - -3. Is 8 a factor of j?
False
Let k = 6 + -3. Suppose 0 = k*f - 0*u + 2*u - 26, 3*f - 5*u = 19. Does 3 divide 52/f + 2/(-4)?
True
Is ((-108)/(-18))/(0 + 1) a multiple of 3?
True
Suppose 0 = -x - 4*y + 42 - 14, 19 = x - 5*y. Is 28 a factor of 867/x + (-6)/48?
False
Is ((-120)/(-28))/((-3)/(-21)) a multiple of 15?
True
Let y(u) = -u**2 - 6*u + 5. Let p be y(-6). Let g(q) = 51*q + 5. Let t be g(p). Is 24 a factor of -2*1*t/(-8)?
False
Suppose 43 = -5*s + 3. Let k = s + 6. Is 21 a factor of ((-10)/8)/(k/56)?
False
Let s(c) = -18*c - 24. Is s(-8) a multiple of 24?
True
Suppose -3*b + 304 = 4*h, 0*b - 4*b = 2*h - 392. Is 12 a factor of b?
True
Suppose -2*q = k - 0*k - 126, 5*k - 5*q - 690 = 0. Suppose -2*n + k = -0*n. Does 21 divide n?
False
Let u = -3 + 5. Suppose y - 24 = 3*b, -3*y - u*y - b = -40. Does 4 divide y?
False
Suppose -a + 16 = -5*q + q, a = q + 4. Suppose -5*w = -a*w. Is -7*(-2 + w)*1 a multiple of 5?
False
Let d be ((-63)/6)/((-3)/4). Let j(p) = p - 1. Does 4 divide j(d)?
False
Suppose -3*f - 76 + 5 = -2*v, -2*v = -5*f - 81. Is 5 a factor of v?
False
Suppose 0 = -3*h - 3. Let s be 1 + h + -1 + 3. Suppose -2*v + 32 = s*v. Does 4 divide v?
True
Suppose -2*g = 2*g - 4. Suppose -2*a - a + 27 = 0. Let d = a - g. Is 3 a factor of d?
False
Let m be 7/(-14) - 134/4. Does 11 divide -1 + 1 + (-1 - m)?
True
Suppose -4*o + 6 = i + o, 4*i - 3*o + 22 = 0. Suppose 0 = 3*x - 5*x. Let z = x - i. Is 4 a factor of z?
True
Let x(k) = k**3 + 6*k**2 + k. Suppose -16 = 2*h + 3*g, -1 = -2*g - 5. Let f be x(h). Let o = 38 - f. Is 9 a factor of o?
True
Suppose -g = -6*g. Is 32 + g + (-6)/3 a multiple of 10?
True
Let c(y) = y**3 - 14*y**2 + y + 16. Let d be c(14). Let k(q) = -q**2 + 6*q + 8. Let x be k(6). Suppose 7*b + d = x*b. Is 15 a factor of b?
True
Let p = 5 + 2. Let x(y) = y**3 - 8*y**2 + 10*y - 7. Is x(p) a multiple of 8?
False
Does 13 divide (-539)/(-14) - (-2 + 5/2)?
False
Let s(t) = 5*t - 29. Is s(13) a multiple of 18?
True
Let s(b) be the second derivative of -b**5/20 - 5*b**4/12 + 2*b**3/3 + 9*b**2/2 - 3*b. Is 6 a factor of s(-6)?
False
Let t(y) be the first derivative of 3 + 2*y**3 - 6*y + 1/2*y**2 - 1/4*y**4. Does 9 divide t(5)?
False
Suppose -5*u = -15 - 165. Is 12 a factor of u?
True
Is (56/(-42))/((-2)/12) a multiple of 4?
True
Let x = 19 - 9. Is 5 a factor of x?
True
Let s = -6 + 3. Let l be -2 + 2*(-15)/s. Suppose 0 = -c + l. Is c a multiple of 4?
True
Suppose 2*h + 4 = 14. Let y(b) = 2*b - h*b - 4 - 5*b - b. Is y(-6) a multiple of 20?
False
Let g be -3 + (1 - 0)*5. Suppose 0 = -g*r - 2, -5*k + 3*r = -0*k - 78. Is k a multiple of 6?
False
Let d(t) = -2*t**2 + 13*t - 14. Let h be d(10). Let v = -33 - h. Is 11 a factor of v?
False
Let b(i) = i**2 - 5*i - 5. Let f be b(-5). Suppose 81 + f = 2*y. Is y a multiple of 11?
False
Suppose -3 = -w - 4. Let j be -2 + 4 - (w - -1). Suppose c + j - 16 = 0. Does 7 divide c?
True
Let t(z) = -10*z - 22. Is t(-7) a multiple of 5?
False
Let a = -53 - -88. Suppose -287 = 2*j - a. Does 16 divide j/(-4) + 4/8?
True
Let l = 46 + 24. Is l a multiple of 35?
True
Suppose 0 = -0*s + 5*s - 10. Suppose 0 = s*w - w. Suppose -5*t + 3*h = -10, 4*t + 3*h - 4*h - 15 = w. Is 2 a factor of t?
False
Let m(f) = f**3 + 6*f**2 - f - 6. Let u be m(-7). Let q = -3 - u. Is q a multiple of 13?
False
Let x = -305 - -445. Suppose 20 + x = 5*n. Is n a multiple of 9?
False
Let t be 29*-2*1/(-2). Let n = t - -20. Is n a multiple of 10?
False
Let o be (-6 + 15)/(1 - 0). Let x(f) = 2*f**3 + 9*f**2 - 2 - 3*f**3 + f + 7. Is x(o) a multiple of 7?
True
Let t(y) = -2*y**3 + 3*y**2 + 4*y + 5. Is t(-4) a multiple of 35?
False
Let f be 1 + -3 + 0 + 1. Is (-2 - 5)/f - 2 even?
False
Suppose 9*y - 68 = 40. Does 8 divide y?
False
Suppose -c + 5 - 2 = 0. Suppose -5*b - 14 = 6, 0 = c*i + 2*b - 97. Does 14 divide i?
False
Let o(a) = 2*a - 8. Let t = -7 + 18. Does 4 divide o(t)?
False
Let f = -1 + 61. Does 10 divide f?
True
Let d = -26 - -7. Let v = 32 + d. Is v a multiple of 6?
False
Let l be -27 + ((-9)/3)/3. Let z be l/(3 - 5 - -3). Let b = z + 48. Does 6 divide b?
False
Let l(n) = -n**2 - 3*n - 6. Let r be l(-5). Let g = r + 23. Is g a multiple of 5?
False
Let u(d) = -d**3 + 13*d**2 + 15*d + 6.